{"id":96,"date":"2018-12-20T17:19:00","date_gmt":"2018-12-20T16:19:00","guid":{"rendered":"https:\/\/lessittelles.ch\/wp5\/?page_id=96"},"modified":"2021-04-21T14:55:04","modified_gmt":"2021-04-21T12:55:04","slug":"liens","status":"publish","type":"page","link":"https:\/\/www.lessittelles.ch\/wp5\/liens\/","title":{"rendered":"Liens"},"content":{"rendered":"\n<ul class=\"wp-block-list\"><li><a href=\"https:\/\/www.fcvda.ch\">FCVDA &#8211; F\u00e9d\u00e9ration Cantonale Vaudoise des Accord\u00e9onistes<\/a><\/li><li><a href=\"http:\/\/www.accordeonsuisse.com\">ARMA &#8211; Association Romande des Musiciens Accord\u00e9onistes<\/a><\/li><li><a href=\"http:\/\/www.accordeon.ch\" target=\"_blank\" rel=\"noreferrer noopener\">accordeon.ch &#8211; Organisation fa\u00eeti\u00e8re de la sc\u00e8ne suisse de l\u2019accord\u00e9on<\/a><\/li><li><a href=\"https:\/\/www.oron.ch\">Commune d&rsquo;Oron<\/a><\/li><\/ul>\n\n\n\n<p><\/p>\n","protected":false},"excerpt":{"rendered":"<p>FCVDA &#8211; F\u00e9d\u00e9ration Cantonale Vaudoise des Accord\u00e9onistes ARMA &#8211; Association Romande des Musiciens Accord\u00e9onistes accordeon.ch &#8211; Organisation fa\u00eeti\u00e8re de la sc\u00e8ne suisse de l\u2019accord\u00e9on Commune d&rsquo;Oron<\/p>\n","protected":false},"author":1,"featured_media":0,"parent":0,"menu_order":0,"comment_status":"closed","ping_status":"closed","template":"","meta":{"_EventAllDay":false,"_EventTimezone":"","_EventStartDate":"","_EventEndDate":"","_EventStartDateUTC":"","_EventEndDateUTC":"","_EventShowMap":false,"_EventShowMapLink":false,"_EventURL":"","_EventCost":"","_EventCostDescription":"","_EventCurrencySymbol":"","_EventCurrencyCode":"","_EventCurrencyPosition":"","_EventDateTimeSeparator":"","_EventTimeRangeSeparator":"","_EventOrganizerID":[],"_EventVenueID":[],"_OrganizerEmail":"","_OrganizerPhone":"","_OrganizerWebsite":"","_VenueAddress":"","_VenueCity":"","_VenueCountry":"","_VenueProvince":"","_VenueState":"","_VenueZip":"","_VenuePhone":"","_VenueURL":"","_VenueStateProvince":"","_VenueLat":"","_VenueLng":"","_VenueShowMap":false,"_VenueShowMapLink":false,"footnotes":""},"class_list":["post-96","page","type-page","status-publish","hentry"],"_links":{"self":[{"href":"https:\/\/www.lessittelles.ch\/wp5\/wp-json\/wp\/v2\/pages\/96","targetHints":{"allow":["GET"]}}],"collection":[{"href":"https:\/\/www.lessittelles.ch\/wp5\/wp-json\/wp\/v2\/pages"}],"about":[{"href":"https:\/\/www.lessittelles.ch\/wp5\/wp-json\/wp\/v2\/types\/page"}],"author":[{"embeddable":true,"href":"https:\/\/www.lessittelles.ch\/wp5\/wp-json\/wp\/v2\/users\/1"}],"replies":[{"embeddable":true,"href":"https:\/\/www.lessittelles.ch\/wp5\/wp-json\/wp\/v2\/comments?post=96"}],"version-history":[{"count":2,"href":"https:\/\/www.lessittelles.ch\/wp5\/wp-json\/wp\/v2\/pages\/96\/revisions"}],"predecessor-version":[{"id":484,"href":"https:\/\/www.lessittelles.ch\/wp5\/wp-json\/wp\/v2\/pages\/96\/revisions\/484"}],"wp:attachment":[{"href":"https:\/\/www.lessittelles.ch\/wp5\/wp-json\/wp\/v2\/media?parent=96"}],"curies":[{"name":"wp","href":"https:\/\/api.w.org\/{rel}","templated":true}]}}

<ul class="wp-block-list"><li><a href="https://www.fcvda.ch">FCVDA &#8211; Fédération Cantonale Vaudoise des Accordéonistes</a></li><li><a href="http://www.accordeonsuisse.com">ARMA &#8211; Association Romande des Musiciens Accordéonistes</a></li><li><a href="http://www.accordeon.ch" target="_blank" rel="noreferrer noopener">accordeon.ch &#8211; Organisation faîtière de la scène suisse de l’accordéon</a></li><li><a href="https://www.oron.ch">Commune d&rsquo;Oron</a></li></ul>



<p></p>

<p>FCVDA &#8211; Fédération Cantonale Vaudoise des Accordéonistes ARMA &#8211; Association Romande des Musiciens Accordéonistes accordeon.ch &#8211; Organisation faîtière de la scène suisse de l’accordéon Commune d&rsquo;Oron</p>
