{"id":119,"date":"2018-12-21T10:35:19","date_gmt":"2018-12-21T09:35:19","guid":{"rendered":"https:\/\/www.lessittelles.ch\/wp5\/?page_id=119"},"modified":"2018-12-22T18:00:16","modified_gmt":"2018-12-22T17:00:16","slug":"calendrier-des-repetitions","status":"publish","type":"page","link":"https:\/\/www.lessittelles.ch\/wp5\/calendrier-des-repetitions\/","title":{"rendered":"Calendrier des r\u00e9p\u00e9titions"},"content":{"rendered":"\n<p>Le calendrier ci-dessous est mis \u00e0 jour par le comit\u00e9.<\/p>\n\n\n\n<p>Les instructions pour vous abonner au calendrier afin que les r\u00e9p\u00e9titions s\u2019affichent automatiquement sur votre appareil se trouvent <a href=\"https:\/\/www.lessittelles.ch\/wp5\/abonnement-au-calendrier-des-repetitions\/\">sur cette page<\/a>.<\/p>\n\n\n\n<iframe loading=\"lazy\" src=\"https:\/\/calendar.google.com\/calendar\/b\/2\/embed?showTitle=0&amp;mode=WEEK&amp;height=600&amp;wkst=2&amp;hl=fr&amp;bgcolor=%23FFFFFF&amp;src=q4jdvi4l89urfb6j3ebufk4al0%40group.calendar.google.com&amp;color=%230D7813&amp;src=v29ic64ith08ho5rk58fj6gjbk%40group.calendar.google.com&amp;color=%232952A3&amp;src=4npm7u7phjo7ioovenls2or4rk%40group.calendar.google.com&amp;color=%23875509&amp;ctz=Europe%2FZurich\" style=\"border:solid 1px #777\" width=\"1200\" height=\"600\" frameborder=\"0\" scrolling=\"no\"><\/iframe>\n","protected":false},"excerpt":{"rendered":"<p>Le calendrier ci-dessous est mis \u00e0 jour par le comit\u00e9. Les instructions pour vous abonner au calendrier afin que les r\u00e9p\u00e9titions s\u2019affichent automatiquement sur votre appareil se trouvent sur cette page.<\/p>\n","protected":false},"author":1,"featured_media":0,"parent":0,"menu_order":0,"comment_status":"closed","ping_status":"closed","template":"","meta":{"_EventAllDay":false,"_EventTimezone":"","_EventStartDate":"","_EventEndDate":"","_EventStartDateUTC":"","_EventEndDateUTC":"","_EventShowMap":false,"_EventShowMapLink":false,"_EventURL":"","_EventCost":"","_EventCostDescription":"","_EventCurrencySymbol":"","_EventCurrencyCode":"","_EventCurrencyPosition":"","_EventDateTimeSeparator":"","_EventTimeRangeSeparator":"","_EventOrganizerID":[],"_EventVenueID":[],"_OrganizerEmail":"","_OrganizerPhone":"","_OrganizerWebsite":"","_VenueAddress":"","_VenueCity":"","_VenueCountry":"","_VenueProvince":"","_VenueState":"","_VenueZip":"","_VenuePhone":"","_VenueURL":"","_VenueStateProvince":"","_VenueLat":"","_VenueLng":"","_VenueShowMap":false,"_VenueShowMapLink":false,"footnotes":""},"class_list":["post-119","page","type-page","status-publish","hentry"],"_links":{"self":[{"href":"https:\/\/www.lessittelles.ch\/wp5\/wp-json\/wp\/v2\/pages\/119","targetHints":{"allow":["GET"]}}],"collection":[{"href":"https:\/\/www.lessittelles.ch\/wp5\/wp-json\/wp\/v2\/pages"}],"about":[{"href":"https:\/\/www.lessittelles.ch\/wp5\/wp-json\/wp\/v2\/types\/page"}],"author":[{"embeddable":true,"href":"https:\/\/www.lessittelles.ch\/wp5\/wp-json\/wp\/v2\/users\/1"}],"replies":[{"embeddable":true,"href":"https:\/\/www.lessittelles.ch\/wp5\/wp-json\/wp\/v2\/comments?post=119"}],"version-history":[{"count":10,"href":"https:\/\/www.lessittelles.ch\/wp5\/wp-json\/wp\/v2\/pages\/119\/revisions"}],"predecessor-version":[{"id":154,"href":"https:\/\/www.lessittelles.ch\/wp5\/wp-json\/wp\/v2\/pages\/119\/revisions\/154"}],"wp:attachment":[{"href":"https:\/\/www.lessittelles.ch\/wp5\/wp-json\/wp\/v2\/media?parent=119"}],"curies":[{"name":"wp","href":"https:\/\/api.w.org\/{rel}","templated":true}]}}